reatest common factor of k and z?
11
Suppose 88 = -11*m + 22*m. What is the greatest common divisor of 3 and m?
1
Let n be (-4)/(-4 - (-96)/30). Suppose -80 - 10 = -n*j. Calculate the highest common divisor of j and 45.
9
Suppose 3*m + 7*m - 20 = 0. Suppose -m = 2*k, 4*p - 4*k - 46 = 2*p. Let r be 38/6 + 6/9. What is the greatest common divisor of p and r?
7
Let a(d) = 45*d + 6. Let u(w) = 23*w + 3. Let g(m) = 6*a(m) - 13*u(m). Let x be g(-1). Calculate the greatest common factor of x and 26.
26
Suppose 6*q + 3049 = -3443. Let s be q/(-6) + (-9)/27. What is the greatest common factor of s and 20?
20
Suppose 4*g - 183 = 3*f - 68, 4*f = 3*g - 88. What is the greatest common divisor of 812 and g?
28
Suppose -5*a + 2*d = -908, 4*d - 51 + 593 = 3*a. Let r(v) = -v**3 - 8*v**2 - 7*v + 14. Let f be r(-7). What is the highest common factor of f and a?
14
Suppose -s - 5*z + 367 = 0, 4*s - 69*z = -70*z + 1373. What is the highest common factor of 18 and s?
18
Let k(r) = -r**3 + r - 2. Let z be k(-2). Suppose 0 = 23*b - 310 - 334. Calculate the greatest common divisor of b and z.
4
Suppose 63*y + 630 = 77*y. Calculate the highest common divisor of y and 9.
9
Let j(w) = w**2 + 5*w + 1. Let u be j(-5). Suppose 11*h - 29*h + 270 = 0. Let y be (h - -4)*u*2. Calculate the greatest common factor of 304 and y.
38
Let x be (35/14)/(1/(-2)). Let k be (-7)/(-35) + (-174)/x. What is the greatest common divisor of k and 14?
7
Let z be ((-16)/3)/(7/(-42)). Let m be (z/10)/(14/35). What is the highest common divisor of 48 and m?
8
Let l = 1004 + -961. Suppose -z + 4*z - 387 = 0. What is the greatest common factor of l and z?
43
Suppose 0 = -4*k + 43 + 13. What is the greatest common factor of k and 371?
7
Let c be 2/6 - (-2)/3. Suppose -3*n - y - 13 = -6*y, 5*y - 33 = -2*n. Suppose -c = -v + n. What is the highest common divisor of 1 and v?
1
Let q be 1/(-2) + 28/8. Let p = 582 - 564. What is the highest common factor of p and q?
3
Let s = 35 - 8. Suppose 2*n = -2*d + 22, n + 3*d = 5*d + 17. Let z = 14 + n. Calculate the greatest common factor of z and s.
27
Suppose 9*x - 161 = 523. Calculate the highest common divisor of x and 247.
19
Let v(g) = 120*g**2 + 23*g + 51. Let w be v(-2). Calculate the greatest common factor of w and 776.
97
Let p = -21 - -33. Let t be p*(-1 + -2)/(-9). Suppose -t*l + 6*b + 582 = 3*b, -4*l - b + 574 = 0. What is the highest common divisor of l and 16?
16
Suppose 13*b = 4671 - 3176. Let t be 4/10 + (-456)/(-10). Calculate the greatest common factor of b and t.
23
Let y = 36685 + -36617. Let w(o) = -o**2 - 12*o - 1. Let b be w(-5). What is the highest common divisor of b and y?
34
Let g = 179 - 114. Let t = g - -19. What is the highest common factor of t and 56?
28
Suppose -7517 = -24*t - 965. What is the greatest common factor of t and 117?
39
Let z = -198 + 212. Let d be 1 - (-4)/((-4)/(-69)). Calculate the greatest common factor of z and d.
14
Let l(o) = -3*o - 11. Let p be l(-12). Let v = -15 + p. Let i(s) = -9*s**3 + s**2 + s + 1. Let m be i(-1). What is the greatest common divisor of v and m?
10
Let o(b) = -2*b - 2. Let j be o(-6). Let d(r) = -40*r**2 - 38*r**2 + 77*r**2 + 4*r. Let a be d(2). Calculate the highest common factor of a and j.
2
Let v = 1493 - 749. Calculate the highest common factor of 16 and v.
8
Let k be (2*(-5)/(-1))/2. Suppose -k*n + 4 = -1. What is the greatest common factor of n and 4?
1
Suppose -f + 6*f = 3*i - 26, f = -2*i. Suppose 4*u - 26 = 2*k - 2, -20 = -3*u + 2*k. Calculate the greatest common divisor of u and i.
2
Let v be (6/(-96)*-12)/(1/104). Let y(i) be the second derivative of 3*i**3/2 + 7*i**2/2 - 3*i. Let k be y(5). Calculate the highest common factor of v and k.
26
Let d(f) = -f**3 - 20*f**2 + 42*f + 28. Let j be d(-22). Calculate the highest common factor of 180 and j.
36
Let o(b) = 65*b + 3. Let z(p) = p**3 + 4*p**2 + 3*p + 2. Let j be z(-3). Let a be o(j). Calculate the highest common divisor of 19 and a.
19
Let g be (5 - (7 - -1)) + -38. Let i be g*(2 + -3) + 1. What is the highest common divisor of i and 14?
14
Let w be 0 + 6/(-3) - (-2 - -3). Let z be (8 - (w + 6)) + 0 + 3. Calculate the highest common factor of z and 44.
4
Let j(h) = -h**3 + 14*h**2 + 12. Let o be j(14). Let i be (-3 - (-3 - -3))*(-68)/o. Calculate the highest common divisor of i and 221.
17
Let t(d) = 5*d**2 + 7*d**2 - 16*d + 22 - 13*d**2. Let w be t(-17). What is the greatest common factor of w and 55?
5
Let p = -303 + 815. What is the greatest common divisor of 48 and p?
16
Let p be (9 - (7 - -82))/((-8)/100). What is the greatest common divisor of 25 and p?
25
Let k(l) = -3*l**2 + 39*l + 8. Let t be k(13). Calculate the highest common divisor of 64 and t.
8
Let v be 0 + (-36)/(-1)*(3120/(-32))/(-15). Let d(u) = -u**3 - u**2 - 2*u + 2. Let r be d(-3). Calculate the greatest common factor of v and r.
26
Suppose -2*j - 274 = -3*s, 3*s - 12*j + 13*j = 277. What is the greatest common divisor of 44 and s?
4
Let w(n) = 3*n**2 + 1. Let x be w(1). Suppose -x*y = -4*s + 80, -3*s + 36 = -2*s + 3*y. Let i = -3248 + 3368. What is the highest common divisor of s and i?
24
Let j = 57 + -27. Suppose -2972 + 16307 = 127*l. Calculate the greatest common divisor of j and l.
15
Suppose -9 = -4*u + l, 0 = 2*u + 4*l + l + 1. Suppose -4*c - 4*f = -12, 4*c - 18*f - 18 = -16*f. Calculate the highest common factor of u and c.
2
Let i be -8*(-18)/6*4/3. Suppose 4*l - 112 = -4*o, i = 4*o - 2*o - 4*l. Calculate the highest common factor of 216 and o.
24
Let v = -40 - -42. Let j(q) = -9*q - 3. Let m(s) = 9*s + 4. Let b(w) = -5*j(w) - 4*m(w). Let c be b(1). What is the highest common factor of c and v?
2
Let v = 10549 + -10522. Suppose 3*o - 5*z - 204 = 0, -2*o + 3*z = -z - 138. What is the highest common divisor of o and v?
9
Suppose -28*w - 5*i = -27*w - 38, -3*i + 34 = w. Let y = -25 + 53. What is the greatest common divisor of y and w?
28
Let w = 42 + -26. Let y be (1*(2 - -24))/(-1). Let r = -10 - y. Calculate the greatest common factor of r and w.
16
Let d(t) = -2*t**3 + 6*t**2 + 2*t + 28. Let q be d(7). Let w be 2 + 5/(-2) + q/(-4). Calculate the highest common divisor of 29 and w.
29
Let b be 36/(-84) + 160/14. Let v(a) = a**3 - 2*a**2 - 4*a - 5. Let p = -3 - -7. Let l be v(p). What is the highest common factor of l and b?
11
Suppose 65*m = -2*b + 70*m + 32, 2*m + 59 = 3*b. Let u(a) = a**2 - 7*a + 7. Let g be u(7). What is the highest common factor of b and g?
7
Suppose 0 = -91*v + 97*v - 138. Calculate the greatest common divisor of 23 and v.
23
Let y(q) = q**2 + 17*q + 42. Let c be y(-17). Let p(h) = h + 32. Let t be p(-11). Calculate the highest common divisor of c and t.
21
Let m(v) = -v**2 + 5*v. Suppose 0 = -17*d + 13*d + 16. Let l be m(d). Suppose -4 = -3*z + 2*z. What is the greatest common factor of z and l?
4
Let t(n) = -3*n - 2. Let q(y) = -4*y + 9. Let u be q(3). Let s be t(u). Suppose o - 2*o + 56 = 0. What is the highest common factor of s and o?
7
Let l be (5/(5/(-2)))/((-2)/19). Calculate the greatest common divisor of 152 and l.
19
Let q = -8481 - -8509. Suppose 5*n = 271 + 369. Let r = n + -58. What is the highest common factor of q and r?
14
Let c be 9 - (-2)/(1 + 0). Suppose 3*b - 134 = v, 54 = 3*b - 2*b - 5*v. Calculate the highest common divisor of b and c.
11
Suppose -88*s + 3*s + 765 = 0. Calculate the greatest common divisor of s and 1791.
9
Let r = 67 + -27. Suppose 3*y + r = 2*g, 5*g = -0*g + 5*y + 110. What is the highest common factor of g and 130?
26
Let b be ((-500)/(-30))/((-4)/6)*-1. Suppose -b*t = -30*t + 75. Calculate the highest common factor of t and 10.
5
Suppose 0 = w - 6*w + 10. Suppose 2*g + w*g = 36. Let p(u) = -2*u**2 + 34*u - 42. Let o be p(15). What is the highest common factor of g and o?
9
Let l = -266 + 508. Calculate the highest common factor of l and 44.
22
Suppose 2*c - 6*c = -20. Suppose -r + 23 = -2*d, -4*r - 6*d + 3*d = -48. What is the highest common divisor of c and r?
5
Suppose 2*y + 0*y = -o + 91, -223 = -5*y + 2*o. Suppose 5*r = 29*z - 33*z + 510, 0 = z + r - 129. Calculate the greatest common divisor of y and z.
45
Let u(h) = -h**2 + 9*h + 34. Suppose 4*c - r - 41 = -0*r, 0 = -5*c - 2*r + 61. Let f be u(c). What is the highest common divisor of 9 and f?
3
Suppose -5*h + 223 = 4*g, 